{"id":1228,"date":"2022-11-04T12:30:38","date_gmt":"2022-11-04T10:30:38","guid":{"rendered":"https:\/\/caltino.cat\/?page_id=1228"},"modified":"2025-01-13T13:17:28","modified_gmt":"2025-01-13T11:17:28","slug":"politica-de-privacidad","status":"publish","type":"page","link":"https:\/\/caltino.cat\/es\/politica-de-privacidad\/","title":{"rendered":"Pol\u00edtica de privacidad"},"content":{"rendered":"<h4>Informaci\u00f3n sobre Protecci\u00f3n de Datos<\/h4>\n<p>&nbsp;<\/p>\n<ol>\n<li style=\"list-style-type: none;\">\n<ol>\n<li><strong>Datos relativos al Responsable<\/strong><\/li>\n<\/ol>\n<\/li>\n<\/ol>\n<p><b>Responsable Tratamiento<\/b><\/p>\n<ol>\n<li style=\"list-style-type: none;\">\n<ol>\u00a0\u00a0&#8211; Entidad: CAL TINO, SERVEIS DE JARDINERIA, S.L.<\/ol>\n<\/li>\n<\/ol>\n<p>&nbsp;<\/p>\n<ol>\n<li style=\"list-style-type: none;\">\n<ol>\u00a0\u00a0&#8211; CIF de la entidad: B64895105<\/ol>\n<\/li>\n<\/ol>\n<p>&nbsp;<\/p>\n<ol>\n<li style=\"list-style-type: none;\">\n<ol>\u00a0\u00a0&#8211; Direccion de la entidad: C-15 KM.32 (CAL TINO GARDEN) &#8211; (08773) MEDIONA<\/ol>\n<\/li>\n<\/ol>\n<p>&nbsp;<\/p>\n<ol>\n<li style=\"list-style-type: none;\">\n<ol>\u00a0\u00a0&#8211; Email de la entidad: MARKETING@CALTINO.CAT<\/ol>\n<\/li>\n<\/ol>\n<p>&nbsp;<\/p>\n<ol>\n<li style=\"list-style-type: none;\">\n<ol>\u00a0\u00a0&#8211; Responsable del tratamiento : ROSER OLIVELLA ROVIRA<\/ol>\n<\/li>\n<\/ol>\n<p>&nbsp;<\/p>\n<ol>\n<li style=\"list-style-type: none;\">\n<ol>\u00a0\u00a0&#8211; Tel\u00e9fono del Responsable del tratamiento : 651317802<\/ol>\n<\/li>\n<\/ol>\n<p>&nbsp;<\/p>\n<ol>\n<li style=\"list-style-type: none;\">\n<ol>\u00a0\u00a0&#8211; Direcci\u00f3n email del Responsable del tratamiento : ADMINISTRACIO@CALTINO.CAT<\/ol>\n<\/li>\n<\/ol>\n<p>&nbsp;<\/p>\n<ol>\n<li style=\"list-style-type: none;\">\n<ol>\n<li><strong>Finalidades<\/strong><\/li>\n<\/ol>\n<\/li>\n<\/ol>\n<p>&nbsp;<\/p>\n<p>En cumplimiento de lo dispuesto en el Reglamento Europeo 2016\/679 General de Protecci\u00f3n de Datos y la Ley Org\u00e1nica 3\/2018 de Protecci\u00f3n de Datos Personales y Garant\u00eda de Derechos Digitales, le informamos de que, dependiendo de la relaci\u00f3n que tenga con nosotros, en\u00a0<strong>CAL TINO, SERVEIS DE JARDINERIA, S.L.<\/strong>\u00a0tratamos los datos que nos facilita para alguna, o todas, las siguientes finalidades:<\/p>\n<ol>\n<li style=\"list-style-type: none;\">\n<ol>\n<li style=\"list-style-type: none;\">\n<ul>\n<li>Env\u00edo de informaci\u00f3n comercial de la entidad mediante correo postal, correo electr\u00f3nico u otros<\/li>\n<li>Gesti\u00f3n contable, administrativa, de facturaci\u00f3n y gesti\u00f3n de cobros.<\/li>\n<li>Informaci\u00f3n procedente de Cookies<\/li>\n<li>Prestarles un servicio<\/li>\n<li>Realizaci\u00f3n de cobro mediante TPV<\/li>\n<li>Realizaci\u00f3n de proyecto para cliente<\/li>\n<li>Servicio postventa y fidelizaci\u00f3n<\/li>\n<li>Tramitaci\u00f3n de presupuestos<\/li>\n<\/ul>\n<\/li>\n<\/ol>\n<\/li>\n<\/ol>\n<p>&nbsp;<\/p>\n<ol>\n<li style=\"list-style-type: none;\">\n<ol>\n<li><strong>Plazo de conservaci\u00f3n de los datos<\/strong><\/li>\n<\/ol>\n<\/li>\n<\/ol>\n<p>&nbsp;<\/p>\n<p>Sus datos ser\u00e1n conservados en un tiempo indefinido, comercial o de otro tipo con nuestra entidad, solicite su supresi\u00f3n, as\u00ed mismo los datos ser\u00e1n almacenados el tiempo necesario para cumplir las obligaciones legales.<\/p>\n<p>&nbsp;<\/p>\n<ol>\n<li style=\"list-style-type: none;\">\n<ol>\n<li><strong>Legitimaci\u00f3n<\/strong><\/li>\n<\/ol>\n<\/li>\n<\/ol>\n<p>&nbsp;<\/p>\n<p>La base legal para el tratamiento de tus datos radica por:<\/p>\n<ol>\n<li style=\"list-style-type: none;\">\n<ol>\n<li style=\"list-style-type: none;\">\n<ul>\n<li>Consentimiento inequ\u00edvoco<\/li>\n<li>Consentimiento inequ\u00edvoco<\/li>\n<\/ul>\n<\/li>\n<\/ol>\n<\/li>\n<\/ol>\n<p>&nbsp;<\/p>\n<ol>\n<li style=\"list-style-type: none;\">\n<ol>\n<li><strong>Destinatarios<\/strong><\/li>\n<\/ol>\n<\/li>\n<\/ol>\n<p>&nbsp;<\/p>\n<p>Sus datos personales ser\u00e1n comunicados a terceros en los siguientes supuestos:<\/p>\n<ol>\n<li style=\"list-style-type: none;\">\n<ol>\n<li style=\"list-style-type: none;\">\n<ul>\n<li>Administraci\u00f3n tributaria<\/li>\n<li>Bancos y entidades financieras<\/li>\n<li>Entidades inform\u00e1ticas de mantenimiento de software y hardware<\/li>\n<li>Gestor\u00eda\/Asesor\u00eda<\/li>\n<li>No comparto los datos con terceros.<\/li>\n<\/ul>\n<\/li>\n<\/ol>\n<\/li>\n<\/ol>\n<p>&nbsp;<\/p>\n<ol>\n<li style=\"list-style-type: none;\">\n<ol>\n<li><strong>Derechos<\/strong><\/li>\n<\/ol>\n<\/li>\n<\/ol>\n<p>&nbsp;<\/p>\n<p>Tiene derecho a obtener confirmaci\u00f3n sobre si en\u00a0<strong>CAL TINO, SERVEIS DE JARDINERIA, S.L.<\/strong>\u00a0estamos tratando datos personales que le conciernan, o no.<\/p>\n<p>Asimismo, tiene derecho de acceso a sus datos personales, as\u00ed como a solicitar la\u00a0<em>rectificaci\u00f3n<\/em>\u00a0de los datos inexactos o, en su caso, solicitar su\u00a0<em>supresi\u00f3n<\/em>\u00a0cuando, entre otros motivos, los datos ya no sean necesarios para los fines que fueron recogidos.<\/p>\n<p>En determinadas circunstancias, podr\u00e1 solicitar la\u00a0<em>limitaci\u00f3n del tratamiento<\/em>\u00a0de sus datos, en cuyo caso \u00fanicamente los conservaremos para el ejercicio o la defensa de reclamaciones.<\/p>\n<p>Adicionalmente, en determinadas circunstancias y por motivos relacionados con tu situaci\u00f3n particular, podr\u00e1 ejercer el derecho de\u00a0<em>oposici\u00f3n<\/em>\u00a0al tratamiento de sus datos.\u00a0<strong>CAL TINO, SERVEIS DE JARDINERIA, S.L.<\/strong>\u00a0dejar\u00e1 de tratar los datos, salvo por motivos leg\u00edtimos imperiosos, o el ejercicio o la defensa de posibles reclamaciones.<\/p>\n<p>Asimismo, puede ejercer el derecho a la\u00a0<em>portabilidad<\/em>\u00a0de los datos, as\u00ed como retirar los consentimientos facilitados en cualquier momento, sin que ello afecte a la licitud del tratamiento basado en el consentimiento previo a su retirada.<\/p>\n<p>Si desea hacer uso de cualquiera de tus derechos puede realizarlos a trav\u00e9s de los enlaces habilitados que encontrar\u00e1 a continuaci\u00f3n:<\/p>\n<ol>\n<li style=\"list-style-type: none;\">\n<ol>\n<li style=\"list-style-type: none;\">\n<ul>\n<li>Para ejercer su derecho de\u00a0<strong>Acceso<\/strong>\u00a0haga clic\u00a0<a href=\"https:\/\/intranet.laboralrgpd.com\/webApp\/clientes_derechos\/derechos-formulario.php?id_cliente=TU9mbGlqY1NLeFE0bWRVUzgvMWVDUT09\" target=\"_blank\" rel=\"noopener\">aqu\u00ed<\/a><\/li>\n<li>Para ejercer su derecho de\u00a0<strong>Rectificaci\u00f3n<\/strong>\u00a0haga clic\u00a0<a href=\"https:\/\/intranet.laboralrgpd.com\/webApp\/clientes_derechos\/derechos-formulario.php?id_cliente=TU9mbGlqY1NLeFE0bWRVUzgvMWVDUT09\" target=\"_blank\" rel=\"noopener\">aqu\u00ed<\/a><\/li>\n<li>Para ejercer su derecho de\u00a0<strong>Supresi\u00f3n (Olvido)<\/strong>\u00a0haga clic\u00a0<a href=\"https:\/\/intranet.laboralrgpd.com\/webApp\/clientes_derechos\/derechos-formulario.php?id_cliente=TU9mbGlqY1NLeFE0bWRVUzgvMWVDUT09\" target=\"_blank\" rel=\"noopener\">aqu\u00ed<\/a><\/li>\n<li>Para ejercer su derecho de\u00a0<strong>Limitaci\u00f3n del Tratamiento<\/strong>\u00a0haga clic\u00a0<a href=\"https:\/\/intranet.laboralrgpd.com\/webApp\/clientes_derechos\/derechos-formulario.php?id_cliente=TU9mbGlqY1NLeFE0bWRVUzgvMWVDUT09\" target=\"_blank\" rel=\"noopener\">aqu\u00ed<\/a><\/li>\n<li>Para ejercer su derecho de\u00a0<strong>Oposici\u00f3n<\/strong>\u00a0haga clic\u00a0<a href=\"https:\/\/intranet.laboralrgpd.com\/webApp\/clientes_derechos\/derechos-formulario.php?id_cliente=TU9mbGlqY1NLeFE0bWRVUzgvMWVDUT09\" target=\"_blank\" rel=\"noopener\">aqu\u00ed<\/a><\/li>\n<li>Para ejercer su derecho de\u00a0<strong>Portabilidad<\/strong>\u00a0haga clic\u00a0<a href=\"https:\/\/intranet.laboralrgpd.com\/webApp\/clientes_derechos\/derechos-formulario.php?id_cliente=TU9mbGlqY1NLeFE0bWRVUzgvMWVDUT09\" target=\"_blank\" rel=\"noopener\">aqu\u00ed<\/a><\/li>\n<\/ul>\n<\/li>\n<\/ol>\n<\/li>\n<\/ol>\n<p>Alternativamente, tambi\u00e9n puede dirigirse a nosotros mediante correo postal a la siguiente direcci\u00f3n:\u00a0<strong>C-15 KM.32 (CAL TINO GARDEN) &#8211; (08773) MEDIONA<\/strong>\u00a0adjuntado una fotocopia del DNI, para la certeza de su identidad. Recuerde facilitar la mayor informaci\u00f3n posible sobre su solicitud: Nombre y apellidos, direcci\u00f3n de correo electr\u00f3nico que utiliza para la cuenta o portal objeto de tu solicitud.<\/p>\n<p>Por \u00faltimo, le informamos que puede dirigirse ante la Agencia Espa\u00f1ola de Protecci\u00f3n de Datos y dem\u00e1s organismos p\u00fablicos competentes para cualquier reclamaci\u00f3n derivada del tratamiento de tus datos personales.<\/p>\n<p>&nbsp;<\/p>\n<ol>\n<li style=\"list-style-type: none;\">\n<ol>\n<li><strong>Pol\u00edtica de cookies<\/strong><\/li>\n<\/ol>\n<\/li>\n<\/ol>\n<p>&nbsp;<\/p>\n<p>Para conocer las cookies que utilizamos en nuestra p\u00e1gina, recuerde que puede acceder a nuestra Pol\u00edtica de Cookies a trav\u00e9s del siguiente enlace\u00a0<a href=\"https:\/\/intranet.laboralrgpd.com\/politicaCookies\/index.php?sid=TU9mbGlqY1NLeFE0bWRVUzgvMWVDUT09\" target=\"_blank\" rel=\"noopener\">pol\u00edtica de cookies<\/a>.<\/p>\n","protected":false},"excerpt":{"rendered":"<p>Informaci\u00f3n sobre Protecci\u00f3n de Datos &nbsp; Datos relativos al Responsable Responsable Tratamiento \u00a0\u00a0&#8211; Entidad: CAL TINO, SERVEIS DE JARDINERIA, S.L. &nbsp; \u00a0\u00a0&#8211; CIF de la entidad: B64895105 &nbsp; \u00a0\u00a0&#8211; Direccion de la entidad: C-15 KM.32 (CAL TINO GARDEN) &#8211; (08773) [&hellip;]<\/p>\n","protected":false},"author":7,"featured_media":0,"parent":0,"menu_order":12,"comment_status":"closed","ping_status":"closed","template":"","meta":{"_acf_changed":false,"_price":"","_stock":"","_tribe_ticket_header":"","_tribe_default_ticket_provider":"","_tribe_ticket_capacity":"0","_ticket_start_date":"","_ticket_end_date":"","_tribe_ticket_show_description":"","_tribe_ticket_show_not_going":false,"_tribe_ticket_use_global_stock":"","_tribe_ticket_global_stock_level":"","_global_stock_mode":"","_global_stock_cap":"","_tribe_rsvp_for_event":"","_tribe_ticket_going_count":"","_tribe_ticket_not_going_count":"","_tribe_tickets_list":"[]","_tribe_ticket_has_attendee_info_fields":false,"footnotes":""},"class_list":["post-1228","page","type-page","status-publish","hentry"],"acf":[],"jetpack_sharing_enabled":true,"_links":{"self":[{"href":"https:\/\/caltino.cat\/es\/wp-json\/wp\/v2\/pages\/1228","targetHints":{"allow":["GET"]}}],"collection":[{"href":"https:\/\/caltino.cat\/es\/wp-json\/wp\/v2\/pages"}],"about":[{"href":"https:\/\/caltino.cat\/es\/wp-json\/wp\/v2\/types\/page"}],"author":[{"embeddable":true,"href":"https:\/\/caltino.cat\/es\/wp-json\/wp\/v2\/users\/7"}],"replies":[{"embeddable":true,"href":"https:\/\/caltino.cat\/es\/wp-json\/wp\/v2\/comments?post=1228"}],"version-history":[{"count":3,"href":"https:\/\/caltino.cat\/es\/wp-json\/wp\/v2\/pages\/1228\/revisions"}],"predecessor-version":[{"id":5484,"href":"https:\/\/caltino.cat\/es\/wp-json\/wp\/v2\/pages\/1228\/revisions\/5484"}],"wp:attachment":[{"href":"https:\/\/caltino.cat\/es\/wp-json\/wp\/v2\/media?parent=1228"}],"curies":[{"name":"wp","href":"https:\/\/api.w.org\/{rel}","templated":true}]}}

Política de privacidad

<h4>Información sobre Protección de Datos</h4>
<p>&nbsp;</p>
<ol>
<li style="list-style-type: none;">
<ol>
<li><strong>Datos relativos al Responsable</strong></li>
</ol>
</li>
</ol>
<p><b>Responsable Tratamiento</b></p>
<ol>
<li style="list-style-type: none;">
<ol>  &#8211; Entidad: CAL TINO, SERVEIS DE JARDINERIA, S.L.</ol>
</li>
</ol>
<p>&nbsp;</p>
<ol>
<li style="list-style-type: none;">
<ol>  &#8211; CIF de la entidad: B64895105</ol>
</li>
</ol>
<p>&nbsp;</p>
<ol>
<li style="list-style-type: none;">
<ol>  &#8211; Direccion de la entidad: C-15 KM.32 (CAL TINO GARDEN) &#8211; (08773) MEDIONA</ol>
</li>
</ol>
<p>&nbsp;</p>
<ol>
<li style="list-style-type: none;">
<ol>  &#8211; Email de la entidad: MARKETING@CALTINO.CAT</ol>
</li>
</ol>
<p>&nbsp;</p>
<ol>
<li style="list-style-type: none;">
<ol>  &#8211; Responsable del tratamiento : ROSER OLIVELLA ROVIRA</ol>
</li>
</ol>
<p>&nbsp;</p>
<ol>
<li style="list-style-type: none;">
<ol>  &#8211; Teléfono del Responsable del tratamiento : 651317802</ol>
</li>
</ol>
<p>&nbsp;</p>
<ol>
<li style="list-style-type: none;">
<ol>  &#8211; Dirección email del Responsable del tratamiento : ADMINISTRACIO@CALTINO.CAT</ol>
</li>
</ol>
<p>&nbsp;</p>
<ol>
<li style="list-style-type: none;">
<ol>
<li><strong>Finalidades</strong></li>
</ol>
</li>
</ol>
<p>&nbsp;</p>
<p>En cumplimiento de lo dispuesto en el Reglamento Europeo 2016/679 General de Protección de Datos y la Ley Orgánica 3/2018 de Protección de Datos Personales y Garantía de Derechos Digitales, le informamos de que, dependiendo de la relación que tenga con nosotros, en <strong>CAL TINO, SERVEIS DE JARDINERIA, S.L.</strong> tratamos los datos que nos facilita para alguna, o todas, las siguientes finalidades:</p>
<ol>
<li style="list-style-type: none;">
<ol>
<li style="list-style-type: none;">
<ul>
<li>Envío de información comercial de la entidad mediante correo postal, correo electrónico u otros</li>
<li>Gestión contable, administrativa, de facturación y gestión de cobros.</li>
<li>Información procedente de Cookies</li>
<li>Prestarles un servicio</li>
<li>Realización de cobro mediante TPV</li>
<li>Realización de proyecto para cliente</li>
<li>Servicio postventa y fidelización</li>
<li>Tramitación de presupuestos</li>
</ul>
</li>
</ol>
</li>
</ol>
<p>&nbsp;</p>
<ol>
<li style="list-style-type: none;">
<ol>
<li><strong>Plazo de conservación de los datos</strong></li>
</ol>
</li>
</ol>
<p>&nbsp;</p>
<p>Sus datos serán conservados en un tiempo indefinido, comercial o de otro tipo con nuestra entidad, solicite su supresión, así mismo los datos serán almacenados el tiempo necesario para cumplir las obligaciones legales.</p>
<p>&nbsp;</p>
<ol>
<li style="list-style-type: none;">
<ol>
<li><strong>Legitimación</strong></li>
</ol>
</li>
</ol>
<p>&nbsp;</p>
<p>La base legal para el tratamiento de tus datos radica por:</p>
<ol>
<li style="list-style-type: none;">
<ol>
<li style="list-style-type: none;">
<ul>
<li>Consentimiento inequívoco</li>
<li>Consentimiento inequívoco</li>
</ul>
</li>
</ol>
</li>
</ol>
<p>&nbsp;</p>
<ol>
<li style="list-style-type: none;">
<ol>
<li><strong>Destinatarios</strong></li>
</ol>
</li>
</ol>
<p>&nbsp;</p>
<p>Sus datos personales serán comunicados a terceros en los siguientes supuestos:</p>
<ol>
<li style="list-style-type: none;">
<ol>
<li style="list-style-type: none;">
<ul>
<li>Administración tributaria</li>
<li>Bancos y entidades financieras</li>
<li>Entidades informáticas de mantenimiento de software y hardware</li>
<li>Gestoría/Asesoría</li>
<li>No comparto los datos con terceros.</li>
</ul>
</li>
</ol>
</li>
</ol>
<p>&nbsp;</p>
<ol>
<li style="list-style-type: none;">
<ol>
<li><strong>Derechos</strong></li>
</ol>
</li>
</ol>
<p>&nbsp;</p>
<p>Tiene derecho a obtener confirmación sobre si en <strong>CAL TINO, SERVEIS DE JARDINERIA, S.L.</strong> estamos tratando datos personales que le conciernan, o no.</p>
<p>Asimismo, tiene derecho de acceso a sus datos personales, así como a solicitar la <em>rectificación</em> de los datos inexactos o, en su caso, solicitar su <em>supresión</em> cuando, entre otros motivos, los datos ya no sean necesarios para los fines que fueron recogidos.</p>
<p>En determinadas circunstancias, podrá solicitar la <em>limitación del tratamiento</em> de sus datos, en cuyo caso únicamente los conservaremos para el ejercicio o la defensa de reclamaciones.</p>
<p>Adicionalmente, en determinadas circunstancias y por motivos relacionados con tu situación particular, podrá ejercer el derecho de <em>oposición</em> al tratamiento de sus datos. <strong>CAL TINO, SERVEIS DE JARDINERIA, S.L.</strong> dejará de tratar los datos, salvo por motivos legítimos imperiosos, o el ejercicio o la defensa de posibles reclamaciones.</p>
<p>Asimismo, puede ejercer el derecho a la <em>portabilidad</em> de los datos, así como retirar los consentimientos facilitados en cualquier momento, sin que ello afecte a la licitud del tratamiento basado en el consentimiento previo a su retirada.</p>
<p>Si desea hacer uso de cualquiera de tus derechos puede realizarlos a través de los enlaces habilitados que encontrará a continuación:</p>
<ol>
<li style="list-style-type: none;">
<ol>
<li style="list-style-type: none;">
<ul>
<li>Para ejercer su derecho de <strong>Acceso</strong> haga clic <a href="https://intranet.laboralrgpd.com/webApp/clientes_derechos/derechos-formulario.php?id_cliente=TU9mbGlqY1NLeFE0bWRVUzgvMWVDUT09" target="_blank" rel="noopener">aquí</a></li>
<li>Para ejercer su derecho de <strong>Rectificación</strong> haga clic <a href="https://intranet.laboralrgpd.com/webApp/clientes_derechos/derechos-formulario.php?id_cliente=TU9mbGlqY1NLeFE0bWRVUzgvMWVDUT09" target="_blank" rel="noopener">aquí</a></li>
<li>Para ejercer su derecho de <strong>Supresión (Olvido)</strong> haga clic <a href="https://intranet.laboralrgpd.com/webApp/clientes_derechos/derechos-formulario.php?id_cliente=TU9mbGlqY1NLeFE0bWRVUzgvMWVDUT09" target="_blank" rel="noopener">aquí</a></li>
<li>Para ejercer su derecho de <strong>Limitación del Tratamiento</strong> haga clic <a href="https://intranet.laboralrgpd.com/webApp/clientes_derechos/derechos-formulario.php?id_cliente=TU9mbGlqY1NLeFE0bWRVUzgvMWVDUT09" target="_blank" rel="noopener">aquí</a></li>
<li>Para ejercer su derecho de <strong>Oposición</strong> haga clic <a href="https://intranet.laboralrgpd.com/webApp/clientes_derechos/derechos-formulario.php?id_cliente=TU9mbGlqY1NLeFE0bWRVUzgvMWVDUT09" target="_blank" rel="noopener">aquí</a></li>
<li>Para ejercer su derecho de <strong>Portabilidad</strong> haga clic <a href="https://intranet.laboralrgpd.com/webApp/clientes_derechos/derechos-formulario.php?id_cliente=TU9mbGlqY1NLeFE0bWRVUzgvMWVDUT09" target="_blank" rel="noopener">aquí</a></li>
</ul>
</li>
</ol>
</li>
</ol>
<p>Alternativamente, también puede dirigirse a nosotros mediante correo postal a la siguiente dirección: <strong>C-15 KM.32 (CAL TINO GARDEN) &#8211; (08773) MEDIONA</strong> adjuntado una fotocopia del DNI, para la certeza de su identidad. Recuerde facilitar la mayor información posible sobre su solicitud: Nombre y apellidos, dirección de correo electrónico que utiliza para la cuenta o portal objeto de tu solicitud.</p>
<p>Por último, le informamos que puede dirigirse ante la Agencia Española de Protección de Datos y demás organismos públicos competentes para cualquier reclamación derivada del tratamiento de tus datos personales.</p>
<p>&nbsp;</p>
<ol>
<li style="list-style-type: none;">
<ol>
<li><strong>Política de cookies</strong></li>
</ol>
</li>
</ol>
<p>&nbsp;</p>
<p>Para conocer las cookies que utilizamos en nuestra página, recuerde que puede acceder a nuestra Política de Cookies a través del siguiente enlace <a href="https://intranet.laboralrgpd.com/politicaCookies/index.php?sid=TU9mbGlqY1NLeFE0bWRVUzgvMWVDUT09" target="_blank" rel="noopener">política de cookies</a>.</p>

<p>Información sobre Protección de Datos &nbsp; Datos relativos al Responsable Responsable Tratamiento   &#8211; Entidad: CAL TINO, SERVEIS DE JARDINERIA, S.L. &nbsp;   &#8211; CIF de la entidad: B64895105 &nbsp;   &#8211; Direccion de la entidad: C-15 KM.32 (CAL TINO GARDEN) &#8211; (08773) [&hellip;]</p>
